{"id":123,"date":"2016-05-09T16:19:04","date_gmt":"2016-05-09T14:19:04","guid":{"rendered":"http:\/\/svpfaffenhofen.de\/?page_id=123"},"modified":"2026-01-20T12:26:25","modified_gmt":"2026-01-20T11:26:25","slug":"fussball","status":"publish","type":"page","link":"https:\/\/www.svpfaffenhofen.de\/?page_id=123","title":{"rendered":"Fu\u00dfball"},"content":{"rendered":"<p><strong>Willkommen bei den Fu\u00dfballern des SVP \ud83d\udc9b\ud83d\udc99<br \/>\nBei uns findet ihr:<\/strong><\/p>\n<ul>\n<li><strong><a href=\"http:\/\/svpfaffenhofen.de\/?page_id=126\">Fu\u00dfball | Damen<\/a><\/strong><\/li>\n<li><strong><a href=\"http:\/\/svpfaffenhofen.de\/?page_id=221\">Fu\u00dfball | Herren<\/a><\/strong><\/li>\n<li><strong><a href=\"http:\/\/svpfaffenhofen.de\/?page_id=76\">Fu\u00dfball | Junioren<\/a><br \/>\n<\/strong><\/li>\n<li><strong><a href=\"http:\/\/svpfaffenhofen.de\/?page_id=1551\">Fu\u00dfball | Alte Herren<\/a><\/strong><\/li>\n<\/ul>\n","protected":false},"excerpt":{"rendered":"<p>Willkommen bei den Fu\u00dfballern des SVP \ud83d\udc9b\ud83d\udc99 Bei uns findet ihr: Fu\u00dfball | Damen Fu\u00dfball | Herren Fu\u00dfball | Junioren Fu\u00dfball | Alte Herren<\/p>\n","protected":false},"author":1,"featured_media":0,"parent":0,"menu_order":2,"comment_status":"closed","ping_status":"closed","template":"","meta":{"footnotes":""},"_links":{"self":[{"href":"https:\/\/www.svpfaffenhofen.de\/index.php?rest_route=\/wp\/v2\/pages\/123"}],"collection":[{"href":"https:\/\/www.svpfaffenhofen.de\/index.php?rest_route=\/wp\/v2\/pages"}],"about":[{"href":"https:\/\/www.svpfaffenhofen.de\/index.php?rest_route=\/wp\/v2\/types\/page"}],"author":[{"embeddable":true,"href":"https:\/\/www.svpfaffenhofen.de\/index.php?rest_route=\/wp\/v2\/users\/1"}],"replies":[{"embeddable":true,"href":"https:\/\/www.svpfaffenhofen.de\/index.php?rest_route=%2Fwp%2Fv2%2Fcomments&post=123"}],"version-history":[{"count":34,"href":"https:\/\/www.svpfaffenhofen.de\/index.php?rest_route=\/wp\/v2\/pages\/123\/revisions"}],"predecessor-version":[{"id":3207,"href":"https:\/\/www.svpfaffenhofen.de\/index.php?rest_route=\/wp\/v2\/pages\/123\/revisions\/3207"}],"wp:attachment":[{"href":"https:\/\/www.svpfaffenhofen.de\/index.php?rest_route=%2Fwp%2Fv2%2Fmedia&parent=123"}],"curies":[{"name":"wp","href":"https:\/\/api.w.org\/{rel}","templated":true}]}}