{"id":1765,"date":"2018-05-24T12:12:45","date_gmt":"2018-05-24T10:12:45","guid":{"rendered":"https:\/\/www.svpfaffenhofen.de\/?page_id=1765"},"modified":"2024-10-14T09:30:41","modified_gmt":"2024-10-14T07:30:41","slug":"datenschutz","status":"publish","type":"page","link":"https:\/\/www.svpfaffenhofen.de\/?page_id=1765","title":{"rendered":"Datenschutz"},"content":{"rendered":"<h3><strong>D<\/strong><strong>ATENSCHUTZERKL\u00c4RUNG<\/strong><\/h3>\n<p><strong>\u00a0<\/strong><\/p>\n<ol>\n<li>Name und Anschrift des VerantwortlichenDer Verantwortliche im Sinne der Datenschutz-Grundverordnung (DS-GVO) und anderer nationaler Datenschutzgesetze der Mitgliedsstaaten sowie sonstiger datenschutzrechtlicher Bestimmungen ist der:\n<p>Sportverein Pfaffenhofen 1949 e.V.<\/li>\n<\/ol>\n<p>Tillystr. 52<\/p>\n<p>91154 Roth-Pfaffenhofen<\/p>\n<p>mail@svpfaffenhofen.de<\/p>\n<ol>\n<li>Allgemeines zur Datenverarbeitung1. Umfang der Verarbeitung personenbezogener Daten<br \/>\nWir erheben und verwenden personenbezogene Daten unserer Nutzer grunds\u00e4tzlich nur, soweit dies zur Bereitstellung einer funktionsf\u00e4higen Website sowie unserer Inhalte und Leistungen erforderlich ist. Die Erhebung und Verwendung personenbezogener Daten erfolgt regelm\u00e4\u00dfig nur nach Ihrer Einwilligung. Eine Ausnahme gilt in solchen F\u00e4llen, in denen eine vorherige Einholung einer Einwilligung aus tats\u00e4chlichen Gr\u00fcnden nicht m\u00f6glich ist und die Verarbeitung der Daten durch gesetzliche Vorschriften gestattet ist.2. Zwecke und Rechtsgrundlagen f\u00fcr die Verarbeitung personenbezogener Daten<br \/>\nSoweit wir f\u00fcr Verarbeitungsvorg\u00e4nge Ihrer personenbezogenen Daten eine Einwilligung der Verarbeitung einholen, dient Art. 6 Abs. 1 lit. a DS-GVO als Rechtsgrundlage. Die betroffene Person hat das Recht, ihre Einwilligung jederzeit zu widerrufen.<\/li>\n<\/ol>\n<p>Bei der Verarbeitung Ihrer personenbezogenen Daten, die zur Erf\u00fcllung eines Vertrages, erforderlich sind, dient Art. 6 Abs. 1 lit. b DS-GVO als Rechtsgrundlage. Dies gilt auch f\u00fcr Verarbeitungsvorg\u00e4nge, die zur Durchf\u00fchrung vorvertraglicher Ma\u00dfnahmen erforderlich sind.<\/p>\n<p>Soweit eine Verarbeitung Ihrer personenbezogenen Daten zur Erf\u00fcllung einer rechtlichen Verpflichtung erforderlich ist, der unser Unternehmen unterliegt, dient Art. 6 Abs. 1 lit. c DS-GVO als Rechtsgrundlage.<\/p>\n<p>Ist die Verarbeitung zur Wahrung eines berechtigten Interesses unseres Unternehmens oder eines Dritten erforderlich und \u00fcberwiegen Ihre Interessen, Grundrechte und Grundfreiheiten das erstgenannte Interesse nicht, so dient Art. 6 Abs. 1 lit. f DS-GVO als Rechtsgrundlage f\u00fcr die Verarbeitung.<\/p>\n<ol start=\"3\">\n<li>Datenl\u00f6schung und Speicherdauer<br \/>\nIhre personenbezogenen Daten werden gel\u00f6scht oder gesperrt, sobald der Zweck der Speicherung entf\u00e4llt. Eine Speicherung kann dar\u00fcber hinaus erfolgen, wenn dies durch den europ\u00e4ischen oder nationalen Gesetzgeber in unionsrechtlichen Verordnungen, Gesetzen oder sonstigen Vorschriften, denen der Verantwortliche unterliegt, vorgesehen wurde. Eine Sperrung oder L\u00f6schung Ihrer Daten erfolgt auch dann, wenn eine durch die genannten Normen vorgeschriebene Speicherfrist abl\u00e4uft, es sei denn, dass eine Erforderlichkeit zur weiteren Speicherung der Daten f\u00fcr einen Vertragsabschluss oder eine Vertragserf\u00fcllung besteht.<\/li>\n<\/ol>\n<h4>III. Verarbeitungen auf dieser Webseite<\/h4>\n<p><strong>\u00a0<\/strong><\/p>\n<p>III. 1. Bereitstellung der Website und Erstellung von Logfiles<\/p>\n<p>1. Beschreibung und Umfang der Datenverarbeitung<br \/>\nBei jedem Aufruf unserer Internetseite erfasst unser System automatisiert Daten und Informationen von dem Computersystem des aufrufenden Rechners und speichert diese in den Logfiles. Folgende Daten werden hierbei erhoben:<\/p>\n<ul>\n<li>Browsertyp und Browserversion,<\/li>\n<li>verwendetes Betriebssystem,<\/li>\n<li>Referrer URL,<\/li>\n<li>Hostname des zugreifenden Rechners,<\/li>\n<li>Uhrzeit der Serveranfrage,<\/li>\n<li>IP-Adresse.<\/li>\n<\/ul>\n<p>Eine Zusammenf\u00fchrung dieser Daten mit anderen Datenquellen wird nicht vorgenommen.<\/p>\n<p>2. Rechtsgrundlage f\u00fcr die Datenverarbeitung<br \/>\nRechtsgrundlage f\u00fcr die vor\u00fcbergehende Speicherung der Daten ist Art. 6 Abs. 1 lit. f DS-GVO.<\/p>\n<ol start=\"3\">\n<li>Zweck der Datenverarbeitung<br \/>\nDie vor\u00fcbergehende Speicherung Ihrer IP-Adresse durch das System ist notwendig, um eine Auslieferung der Website an Ihren Rechner zu erm\u00f6glichen. Hierf\u00fcr muss Ihre IP-Adresse f\u00fcr die Dauer der Sitzung gespeichert bleiben. In diesen Zwecken liegt auch unser berechtigtes Interesse an der Datenverarbeitung nach Art. 6 Abs. 1 lit. f DS-GVO.4. Dauer der Speicherung<br \/>\nDie Daten werden gel\u00f6scht, sobald sie f\u00fcr die Erreichung des Zweckes ihrer Erhebung nicht mehr erforderlich sind.5. Widerspruchs- und Beseitigungsm\u00f6glichkeit<br \/>\nDie Erfassung der Daten zur Bereitstellung der Website und die Speicherung der Daten in Logfiles ist f\u00fcr den Betrieb der Internetseite zwingend erforderlich. Es besteht folglich f\u00fcr Sie keine Widerspruchsm\u00f6glichkeit.<\/li>\n<\/ol>\n<p>III. 2. Kontakt per E-Mail und per Telefon<\/p>\n<p>1. Beschreibung und Umfang der Datenverarbeitung<br \/>\nSie k\u00f6nnen \u00fcber die bereitgestellte E-Mail-Adresse oder Telefonnummer mit uns Kontakt aufnehmen. In diesem Fall werden Ihre E-Mail-Adresse und die mit der Versendung \u00fcbermittelten Daten oder Ihre Telefonnummer verarbeitet.<br \/>\nEs erfolgt in diesem Zusammenhang keine Weitergabe Ihrer Daten an Dritte. Ihre Daten werden ausschlie\u00dflich f\u00fcr die Verarbeitung unserer gemeinsamen Konversation verwendet.<\/p>\n<p>2. Rechtsgrundlage f\u00fcr die Datenverarbeitung<br \/>\nRechtsgrundlage f\u00fcr die Verarbeitung Ihrer Daten, die im Zuge Ihrer Nutzung unserer E-Mail-Adresse oder Telefonnummer \u00fcbermittelt werden, ist Art. 6 Abs. 1 lit. f DS-GVO. Zielt Ihre Anfrage per E-Mail auf den Abschluss eines Vertrages ab, so ist zus\u00e4tzliche Rechtsgrundlage f\u00fcr die Verarbeitung Art. 6 Abs. 1 lit. b DS-GVO.<\/p>\n<ol start=\"3\">\n<li>Zweck der Datenverarbeitung<br \/>\nIm Falle Ihrer Kontaktaufnahme per E-Mail oder Telefon liegt hieran auch unser erforderliches berechtigtes Interesse an der Verarbeitung Ihrer Daten.4. Dauer der Speicherung<br \/>\nIhre Daten werden gel\u00f6scht, sobald sie f\u00fcr die Erreichung des Zweckes ihrer Erhebung nicht mehr erforderlich sind. F\u00fcr Ihre personenbezogenen Daten, die per E-Mail \u00fcbermittelt wurden, ist dies dann der Fall, wenn die jeweilige Konversation mit Ihnen beendet ist. Beendet ist die Konversation dann, wenn sich aus den Umst\u00e4nden entnehmen l\u00e4sst, dass der betroffene Sachverhalt abschlie\u00dfend gekl\u00e4rt ist. Bei einer Kontaktaufnahme per Telefon findet keine Speicherung statt.<\/li>\n<li>Widerspruchs- und Beseitigungsm\u00f6glichkeit<br \/>\nSie k\u00f6nnen einer Speicherung Ihrer Daten jederzeit widersprechen, indem Sie uns Ihren Widerspruch mitteilen. In einem solchen Fall kann die Konversation nicht fortgef\u00fchrt werden.<br \/>\nAlle personenbezogenen Daten, die im Zuge der Kontaktaufnahme gespeichert wurden, werden in diesem Fall gel\u00f6scht, solange der L\u00f6schung keine gesetzlichen Vorschriften entgegenstehen.<\/li>\n<\/ol>\n<h4><a name=\"_Toc10\"><\/a>III. 3. Informationen zur Datenverarbeitung im Rahmen von Social-Media-Pr\u00e4senzen<\/h4>\n<p><strong>\u00a0<\/strong><\/p>\n<p>Die Pr\u00e4senz in den sozialen Netzwerken bietet dem Sportverein Pfaffenhofen 1949 e.V. die M\u00f6glichkeit, Interessenten und Mitglieder zu informieren, direkt mit ihnen in Kontakt zu treten und einen Dialog zu er\u00f6ffnen. Deshalb sind wir auf verschiedenen Social-Media-Plattformen aktiv, um Ihnen auch innerhalb von sozialen Netzwerken Informationen bereitzustellen und Ihnen weitere Wege anzubieten, Kontakt zu uns aufzunehmen und sich \u00fcber unsere Angebote zu informieren.<\/p>\n<p>Wir verarbeiten Ihre Daten zum Zweck der Informationsbereitstellung \u00fcber unseren Verein. Wir nutzen unsere Profile zu Marketing-Zwecken. Zus\u00e4tzlich dazu verarbeiten wir Ihre Daten nur, wenn Sie uns freiwillig \u00fcber das jeweilige Profil kontaktieren. Hierin liegen unsere berechtigten Interessen nach Art. 6 Abs. 1 lit. f DS-GVO, die als Rechtsgrundlage f\u00fcr die Verarbeitung dienen.<\/p>\n<p>Wir \u00fcbermitteln Daten, die wir von Ihnen \u00fcber die Profile erhalten, nicht an Dritte. Daten, die Sie \u00f6ffentlich auf unserem Profil posten, sind zug\u00e4nglich f\u00fcr jedermann. Wir speichern keinen personenbezogenen Daten, die im Rahmen eines Kontakts mit uns \u00fcber das jeweilige Profil verarbeitet werden. Ihre \u00f6ffentlichen Postings auf unseren Profilen werden generell nicht gel\u00f6scht. Sie k\u00f6nnen sie jedoch selbst jederzeit l\u00f6schen.<\/p>\n<p>Im Folgenden informieren wir Sie dar\u00fcber, welche Daten wir bzw. das jeweilige soziale Netzwerk von Ihnen im Zusammenhang mit dem Aufruf und der Nutzung unserer Fan-Pages\/Accounts von Ihnen verarbeiten.<\/p>\n<h4>Daten, die wir von Ihnen verarbeiten<\/h4>\n<p>Wenn Sie per Direktnachricht \u00fcber das jeweilige sozialen Netzwerk Kontakt zu uns aufnehmen m\u00f6chten, verarbeiten wir in der Regel Ihren Nutzernamen, \u00fcber den Sie uns kontaktieren und speichern ggf. weitere von Ihnen mitgeteilte Daten soweit dies zur Bearbeitung\/Beantwortung Ihres Anliegens erforderlich ist.Rechtsgrundlage ist Art. 6 Abs. 1 Satz 1 lit. f DS-GVO.<\/p>\n<h4>(Statische) Nutzungs-Daten, die wir von den sozialen Netzwerken erhalten<\/h4>\n<p>Wir erhalten \u00fcber Insights-Funktionalit\u00e4ten automatisiert bereitgestellte Statistiken betreffend unserer Accounts. Die Statistiken enthalten unter anderem die Gesamtanzahl von Seitenaufrufen, Gef\u00e4llt mir-Angaben, Angaben zu Seitenaktivit\u00e4ten und Beitragsinteraktionen, Reichweiten, Video-Aufrufe\/Ansichten sowie Angaben zum Anteil M\u00e4nner\/Frauen unter unseren Fans\/Followern. Die Statistiken enthalten lediglich aggregierte und nicht auf einzelne Personen beziehbare Daten. Sie sind f\u00fcr uns hier\u00fcber nicht identifizierbar.<\/p>\n<h4>Welche Daten die sozialen Netzwerke von Ihnen verarbeiten<\/h4>\n<p>Um die Inhalte unserer Fan-Pages bzw. Accounts betrachten zu k\u00f6nnen, m\u00fcssen Sie nicht Mitglied des jeweiligen sozialen Netzwerks sein und es ist insoweit kein Nutzerkonto f\u00fcr das jeweilige soziale Netzwerk erforderlich.<\/p>\n<p>Bitte beachten Sie aber, dass die sozialen Netzwerke bei Aufruf des jeweiligen sozialen Netzwerkes Daten auch von Website-Besuchern ohne Nutzerkonto erfassen und speichern und Cookies und \u00e4hnliche Technologien einsetzen k\u00f6nnen, worauf wir keinerlei Einfluss haben.<\/p>\n<p>Soweit Sie mit den Inhalten auf unseren Fan-Pages\/Accounts interagieren wollen, z.B. unsere Postings\/Beitr\u00e4ge kommentieren, teilen oder liken wollen und\/oder \u00fcber Messenger-Funktionen Kontakt zu uns aufnehmen m\u00f6chten, ist eine vorherige Registrierung bei dem jeweiligen sozialen Netzwerk und die Angabe personenbezogener Daten erforderlich.<\/p>\n<p>Informationen, unter Anderem zum genauen Umfang und den Zwecken der Verarbeitung Ihrer personenbezogenen Daten, der Speicherdauer\/L\u00f6schung sowie Richtlinien zum Einsatz von Cookies und \u00e4hnlichen Technologien im Rahmen der Registrierung und Nutzung der sozialen Netzwerke finden Sie in den Datenschutzbestimmungen\/Cookie-Richtlinien des jeweiligen sozialen Netzwerks. Dort finden Sie auch Informationen zu Ihren Rechten und Widerspruchsm\u00f6glichkeiten.<\/p>\n<p><strong>\u00a0<\/strong><\/p>\n<h4>Datenverarbeitung durch Meta<\/h4>\n<h4>Facebook-Fanpage<\/h4>\n<p>Facebook ist ein Soziales Netzwerk des Anbieters Meta Platforms Ireland Limited 4 Grand Canal Square, Grand Canal Harbour, Dublin 2, Ireland. Beim Besuch unserer Facebook-Seite erfasst Facebook (Meta) unter anderem Ihre IP-Adresse sowie weitere Informationen, die in Form von Cookies auf Ihrem PC vorhanden sind. Diese Informationen werden verwendet, um uns als Betreiber der Facebook-Seiten statistische Informationen \u00fcber die Inanspruchnahme der Facebook-Seite zur Verf\u00fcgung zu stellen. N\u00e4here Informationen hierzu stellt Facebook unter folgendem Link zur Verf\u00fcgung: <a href=\"https:\/\/facebook.com\/help\/pages\/insights\">https:\/\/facebook.com\/help\/pages\/insights<\/a>.<\/p>\n<p>Mittels der \u00fcbermittelten statistischen Informationen ist es uns nicht m\u00f6glich R\u00fcckschl\u00fcsse auf einzelne Nutzer zu ziehen. Wir greifen auf diese lediglich dahingehend zur\u00fcck, um auf die Interessen unserer Nutzer eingehen zu k\u00f6nnen und unsere Onlinepr\u00e4senz fortgehend zu verbessern und die Qualit\u00e4t dieser zu sichern.<\/p>\n<p>Wir erheben Ihre Daten \u00fcber unsere Fanpage lediglich, um eine m\u00f6gliche Bereitstellung zur Kommunikation und Interaktion mit uns zu realisieren. Diese Erhebung umfasst i.d.R. Ihren Namen, Nachrichteninhalte, Kommentarinhalte sowie die von Ihnen \u201e\u00f6ffentlich\u201c bereitgestellten Profilinformationen.<\/p>\n<p>Die Verarbeitung Ihrer personenbezogenen Daten zu unseren oben genannten Zwecken erfolgt auf Grundlage unseres berechtigten betriebswirtschaftlichen und kommunikativen Interesses an dem Angebot eines Informations- und Kommunikationskanals gem. Art. 6 Abs. 1 f) DSGVO. Sollte Sie als Nutzer gegen\u00fcber dem jeweiligen Anbieter des sozialen Netzwerkes eine Einwilligung in die Datenverarbeitung abgegeben haben, erstreckt sich die Rechtsgrundlage der Verarbeitung auf Art. 6 Abs. 1 a), Art. 7 DSGVO.<\/p>\n<p>Auf Grund der Tatsache, dass die eigentliche Datenverarbeitung durch den Anbieter des sozialen Netzwerkes erfolgt, sind unsere Zugriffsm\u00f6glichkeiten auf Ihre Daten beschr\u00e4nkt. Lediglich der Anbieter des sozialen Netzwerkes ist zu einem vollst\u00e4ndigen Zugriff auf Ihre Daten legitimiert. Auf Grund dessen, kann nur der Anbieter direkt entsprechende Ma\u00dfnahmen zur Erf\u00fcllung Ihrer Nutzerrechte (Auskunftsanfrage, L\u00f6schverlangen, Widerspruch, etc.) ergreifen und umsetzen. Die Geltendmachung entsprechender Rechte erfolgt somit am effektivsten direkt gegen\u00fcber dem jeweiligen Anbieter.<\/p>\n<p>Wir sind gemeinsam mit Facebook verantwortlich f\u00fcr die personenbezogenen Inhalte der Fanseite. Betroffenenrechte k\u00f6nnen bei Meta Platforms Ireland Ltd. sowie bei uns geltend gemacht werden.<\/p>\n<p>Die prim\u00e4re Verantwortung f\u00fcr die Verarbeitung von Insights-Daten liegt gem\u00e4\u00df DSGVO bei Facebook und Facebook erf\u00fcllt s\u00e4mtliche Pflichten aus der DSGVO im Hinblick auf die Verarbeitung von Insights-Daten, Meta Platforms Ireland Ltd. stellt das Wesentliche der Seiten-Insights-Erg\u00e4nzung den betroffenen Personen zur Verf\u00fcgung.<\/p>\n<p>Wir treffen keine Entscheidungen hinsichtlich der Verarbeitung von Insights-Daten und Speicherdauer von Cookies auf Nutzerendger\u00e4ten.<\/p>\n<p>Weitere Hinweise finden Sie direkt bei Facebook (Erg\u00e4nzungsvereinbarung mit Facebook): <a href=\"https:\/\/www.facebook.com\/legal\/terms\/page_controller_addendum\">https:\/\/www.facebook.com\/legal\/terms\/page_controller_addendum<\/a>.<\/p>\n<p>N\u00e4here Informationen unter anderem zum genauen Umfang und den Zwecken der Verarbeitung Ihrer personenbezogenen Daten, der Speicherdauer\/L\u00f6schung sowie Richtlinien zum Einsatz von Cookies und \u00e4hnlichen Technologien im Rahmen der Registrierung und Nutzung finden Sie in den Datenschutzbestimmungen\/Cookie-Richtlinien von Facebook:<br \/>\n<a href=\"https:\/\/www.facebook.com\/privacy\/policy\/?entry_point=data_policy_redirect&amp;entry=0\">https:\/\/www.facebook.com\/privacy\/policy\/?entry_point=data_policy_redirect&amp;entry=0<\/a><br \/>\n<a href=\"https:\/\/www.facebook.com\/policies\/cookies\">https:\/\/www.facebook.com\/policies\/cookies<\/a><\/p>\n<h4>Instagram-Account<\/h4>\n<p>Instagram ist ein Soziales Netzwerk des Anbieters Meta Platforms Ireland Limited 4 Grand Canal Square, Grand Canal Harbour, Dublin 2, Ireland. Beim Besuch unserer Instagram-Seite erfasst Instagram (Meta) unter anderem Ihre IP-Adresse sowie weitere Informationen, die in Form von Cookies auf Ihrem PC vorhanden sind. Diese Informationen werden verwendet, um uns als Betreiber der Instagram-Seiten statistische Informationen \u00fcber die Inanspruchnahme der Instagram-Seite zur Verf\u00fcgung zu stellen. N\u00e4here Informationen hierzu stellt Instagram unter folgendem Link zur Verf\u00fcgung (Hinweis:\u202fdurch Anklicken des nachfolgenden Links gelangen Sie auf die Website des sozialen Netzwerks Facebook, ebenfalls Teil des Meta-Konzerns. Die \u00fcber den Link bereitgestellten Informationen gelten f\u00fcr das soziale Netzwerk Instagram jedoch gleicherma\u00dfen): <a href=\"https:\/\/facebook.com\/help\/pages\/insights\">https:\/\/facebook.com\/help\/pages\/insights<\/a>.<\/p>\n<p>Mittels der \u00fcbermittelten statistischen Informationen ist es uns nicht m\u00f6glich R\u00fcckschl\u00fcsse auf einzelne Nutzer zu ziehen. Wir greifen auf diese lediglich dahingehend zur\u00fcck, um auf die Interessen unserer Nutzer eingehen zu k\u00f6nnen und unsere Onlinepr\u00e4senz fortgehend zu verbessern und die Qualit\u00e4t dieser zu sichern.<\/p>\n<p>Wir erheben Ihre Daten \u00fcber unsere Fanpage lediglich, um eine m\u00f6gliche Bereitstellung zur Kommunikation und Interaktion mit uns zu realisieren. Diese Erhebung umfasst i.d.R. Ihren Namen, Nachrichteninhalte, Kommentarinhalte sowie die von Ihnen \u201e\u00f6ffentlich\u201c bereitgestellten Profilinformationen.<\/p>\n<p>Die Verarbeitung Ihrer personenbezogenen Daten zu unseren oben genannten Zwecken erfolgt auf Grundlage unseres berechtigten betriebswirtschaftlichen und kommunikativen Interesses an dem Angebot eines Informations- und Kommunikationskanals gem. Art. 6 Abs. 1 f) DSGVO. Sollte Sie als Nutzer gegen\u00fcber dem jeweiligen Anbieter des sozialen Netzwerkes eine Einwilligung in die Datenverarbeitung abgegeben haben, erstreckt sich die Rechtsgrundlage der Verarbeitung auf Art. 6 Abs. 1 a), Art. 7 DSGVO.<\/p>\n<p>Auf Grund der Tatsache, dass die eigentliche Datenverarbeitung durch den Anbieter des sozialen Netzwerkes erfolgt, sind unsere Zugriffsm\u00f6glichkeiten auf Ihre Daten beschr\u00e4nkt. Lediglich der Anbieter des sozialen Netzwerkes ist zu einem vollst\u00e4ndigen Zugriff auf Ihre Daten legitimiert. Auf Grund dessen, kann nur der Anbieter direkt entsprechende Ma\u00dfnahmen zur Erf\u00fcllung Ihrer Nutzerrechte (Auskunftsanfrage, L\u00f6schverlangen, Widerspruch, etc.) ergreifen und umsetzen. Die Geltendmachung entsprechender Rechte erfolgt somit am effektivsten direkt gegen\u00fcber dem jeweiligen Anbieter.<\/p>\n<p>Wir sind gemeinsam mit Instagram verantwortlich f\u00fcr die personenbezogenen Inhalte der Fanseite. Betroffenenrechte k\u00f6nnen bei Meta Platforms Ireland Ltd. sowie bei uns geltend gemacht werden.<\/p>\n<p>Die prim\u00e4re Verantwortung f\u00fcr die Verarbeitung von Insights-Daten liegt gem\u00e4\u00df DSGVO bei Instagram und Instagram erf\u00fcllt s\u00e4mtliche Pflichten aus der DSGVO im Hinblick auf die Verarbeitung von Insights-Daten, Meta Platforms Ireland Ltd. stellt das Wesentliche der Seiten-Insights-Erg\u00e4nzung den betroffenen Personen zur Verf\u00fcgung.<\/p>\n<p>Wir treffen keine Entscheidungen hinsichtlich der Verarbeitung von Insights-Daten und Speicherdauer von Cookies auf Nutzerendger\u00e4ten.<\/p>\n<p>Weitere Hinweise finden Sie direkt bei Instagram (Erg\u00e4nzungsvereinbarung mit Facebook): <a href=\"https:\/\/www.facebook.com\/legal\/terms\/page_controller_addendum\">https:\/\/www.facebook.com\/legal\/terms\/page_controller_addendum<\/a>.<\/p>\n<p>N\u00e4here Informationen unter anderem zum genauen Umfang und den Zwecken der Verarbeitung Ihrer personenbezogenen Daten, der Speicherdauer\/L\u00f6schung sowie Richtlinien zum Einsatz von Cookies und \u00e4hnlichen Technologien im Rahmen der Registrierung und Nutzung finden Sie in den Datenschutzbestimmungen\/Cookie-Richtlinien von Instagram (Hinweis: durch Anklicken des nachfolgenden Links gelangen Sie auf die Website des sozialen Netzwerks Facebook):<br \/>\n<a href=\"https:\/\/help.instagram.com\/519522125107875\/?helpref=uf_share\">https:\/\/help.instagram.com\/519522125107875\/?helpref=uf_share<\/a><br \/>\nDiese Informationen k\u00f6nnen zudem auch im Hilfebereich der Website von Instagram \u00fcber nachfolgenden Link eingesehen werden:<br \/>\n<a href=\"https:\/\/help.instagram.com\/581066165581870\">https:\/\/help.instagram.com\/581066165581870<\/a><\/p>\n<h4><\/h4>\n<h4>IV. Ihre Betroffenenrechte<\/h4>\n<p>Als Betroffener haben Sie folgende Rechte:<\/p>\n<ul>\n<li>gem\u00e4\u00df Art. 15 DS-GVO das Recht, in dem dort bezeichneten Umfang Auskunft \u00fcber Ihre von uns verarbeiteten personenbezogenen Daten zu verlangen; es gelten die Einschr\u00e4nkungen nach \u00a7 34 BDSG.<\/li>\n<li>gem\u00e4\u00df Art. 16 DS-GVO das Recht, unverz\u00fcglich die Berichtigung unrichtiger oder Vervollst\u00e4ndigung Ihrer bei uns gespeicherten personenbezogenen Daten zu verlangen;<\/li>\n<\/ul>\n<p>gem\u00e4\u00df Art. 17 DS-GVO das Recht, die L\u00f6schung Ihrer bei uns gespeicherten personenbezogenen Daten zu verlangen, soweit nicht die weitere Verarbeitung<br \/>\n&#8211; zur Aus\u00fcbung des Rechts auf freie Meinungs\u00e4u\u00dferung und Information;<br \/>\n&#8211; zur Erf\u00fcllung einer rechtlichen Verpflichtung;<br \/>\n&#8211; aus Gr\u00fcnden des \u00f6ffentlichen Interesses oder<br \/>\n&#8211; zur Geltendmachung, Aus\u00fcbung oder Verteidigung von Rechtsanspr\u00fcchen<br \/>\nerforderlich ist; es gelten die Einschr\u00e4nkungen nach \u00a7 35 BDSG.<\/p>\n<ul>\n<li>gem\u00e4\u00df Art. 18 DS-GVO das Recht, die Einschr\u00e4nkung der Verarbeitung Ihrer personenbezogenen Daten zu verlangen, soweit<br \/>\n&#8211; die Richtigkeit der Daten von Ihnen bestritten wird;<br \/>\n&#8211; die Verarbeitung unrechtm\u00e4\u00dfig ist, Sie aber deren L\u00f6schung ablehnen;<br \/>\n&#8211; wir die Daten nicht mehr ben\u00f6tigen, Sie diese jedoch zur Geltendmachung, Aus\u00fcbung oder Verteidigung von Rechtsanspr\u00fcchen ben\u00f6tigen oder<br \/>\n&#8211; Sie gem\u00e4\u00df Art. 21 DS-GVO Widerspruch gegen die Verarbeitung eingelegt haben;<\/li>\n<li>gem\u00e4\u00df Art. 20 DS-GVO das Recht, Ihre personenbezogenen Daten, die Sie uns bereitgestellt haben, in einem strukturierten, g\u00e4ngigen und maschinenlesebaren Format zu erhalten oder die \u00dcbermittlung an einen anderen Verantwortlichen zu verlangen;<\/li>\n<li>gem\u00e4\u00df Art. 77 DS-GVO das Recht, sich bei der zust\u00e4ndigen Aufsichtsbeh\u00f6rde zu beschweren:<\/li>\n<\/ul>\n<p>Bayerisches Landesamt f\u00fcr Datenschutzaufsicht<\/p>\n<p>Promenade 18<\/p>\n<p>91522 Ansbach<\/p>\n<p>+49 981 180093 0<\/p>\n<p>poststelle@lda.bayern.de<\/p>\n<p>www.lda.bayern.de<\/p>\n<h4>V. Ihr Widerspruchsrecht<\/h4>\n<p>Soweit wir zur Wahrung unserer im Rahmen einer Interessenabw\u00e4gung \u00fcberwiegenden berechtigten Interessen personenbezogene Daten wie oben erl\u00e4utert verarbeiten, k\u00f6nnen Sie dieser Verarbeitung mit Wirkung f\u00fcr die Zukunft widersprechen. Erfolgt die Verarbeitung zu Zwecken des Direktmarketings, k\u00f6nnen Sie dieses Recht jederzeit wie oben beschrieben aus\u00fcben. Soweit die Verarbeitung zu anderen Zwecken erfolgt, steht Ihnen ein Widerspruchsrecht nur bei Vorliegen von Gr\u00fcnden, die sich aus Ihrer besonderen Situation ergeben, zu.<br \/>\nNach Aus\u00fcbung Ihres Widerspruchsrechts werden wir Ihre personenbezogenen Daten nicht weiter zu diesen Zwecken verarbeiten, es sei denn, wir k\u00f6nnen zwingende schutzw\u00fcrdige Gr\u00fcnde f\u00fcr die Verarbeitung nachweisen, die Ihre Interessen, Rechte und Freiheiten \u00fcberwiegen oder wenn die Verarbeitung der Geltendmachung, Aus\u00fcbung oder Verteidigung von Rechtsanspr\u00fcchen dient.<br \/>\nDies gilt nicht, wenn die Verarbeitung zu Zwecken des Direktmarketing erfolgt. Dann werden wir Ihre personenbezogenen Daten nicht weiter zu diesem Zweck verarbeiten.<\/p>\n","protected":false},"excerpt":{"rendered":"<p>DATENSCHUTZERKL\u00c4RUNG \u00a0 Name und Anschrift des VerantwortlichenDer Verantwortliche im Sinne der Datenschutz-Grundverordnung (DS-GVO) und anderer nationaler Datenschutzgesetze der Mitgliedsstaaten sowie sonstiger datenschutzrechtlicher Bestimmungen ist der: Sportverein Pfaffenhofen 1949 e.V. Tillystr. 52 91154 Roth-Pfaffenhofen mail@svpfaffenhofen.de Allgemeines zur Datenverarbeitung1. Umfang der Verarbeitung&hellip; <\/p>\n","protected":false},"author":1,"featured_media":0,"parent":27,"menu_order":3,"comment_status":"closed","ping_status":"closed","template":"","meta":{"footnotes":""},"_links":{"self":[{"href":"https:\/\/www.svpfaffenhofen.de\/index.php?rest_route=\/wp\/v2\/pages\/1765"}],"collection":[{"href":"https:\/\/www.svpfaffenhofen.de\/index.php?rest_route=\/wp\/v2\/pages"}],"about":[{"href":"https:\/\/www.svpfaffenhofen.de\/index.php?rest_route=\/wp\/v2\/types\/page"}],"author":[{"embeddable":true,"href":"https:\/\/www.svpfaffenhofen.de\/index.php?rest_route=\/wp\/v2\/users\/1"}],"replies":[{"embeddable":true,"href":"https:\/\/www.svpfaffenhofen.de\/index.php?rest_route=%2Fwp%2Fv2%2Fcomments&post=1765"}],"version-history":[{"count":5,"href":"https:\/\/www.svpfaffenhofen.de\/index.php?rest_route=\/wp\/v2\/pages\/1765\/revisions"}],"predecessor-version":[{"id":3026,"href":"https:\/\/www.svpfaffenhofen.de\/index.php?rest_route=\/wp\/v2\/pages\/1765\/revisions\/3026"}],"up":[{"embeddable":true,"href":"https:\/\/www.svpfaffenhofen.de\/index.php?rest_route=\/wp\/v2\/pages\/27"}],"wp:attachment":[{"href":"https:\/\/www.svpfaffenhofen.de\/index.php?rest_route=%2Fwp%2Fv2%2Fmedia&parent=1765"}],"curies":[{"name":"wp","href":"https:\/\/api.w.org\/{rel}","templated":true}]}}