{"id":208,"date":"2017-01-15T16:35:13","date_gmt":"2017-01-15T15:35:13","guid":{"rendered":"http:\/\/svpfaffenhofen.de\/?page_id=208"},"modified":"2025-01-20T12:28:32","modified_gmt":"2025-01-20T11:28:32","slug":"body-balance","status":"publish","type":"page","link":"https:\/\/www.svpfaffenhofen.de\/?page_id=208","title":{"rendered":"Body Balance &#8211; Kurse &#8211; finden im Moment nicht statt!"},"content":{"rendered":"\n<p><strong>Leider k\u00f6nnen im Moment keine Kurse angeboten werden. <\/strong><\/p>\n\n\n\n<p><strong>Sobald sich etwas \u00e4ndert, erfahrt Ihr es hier!<\/strong><\/p>\n\n\n<div class=\"entry-content clearfix\">\n<p><strong><!--more-->Sanftes Ganzk\u00f6rpertraining auf dem Stuhl<br \/><\/strong><\/p>\n<p><a href=\"http:\/\/svpfaffenhofen.de\/wp-content\/uploads\/2016\/10\/yoga-544970_960_720.jpg\"><img loading=\"lazy\" decoding=\"async\" class=\"size-medium wp-image-719 alignleft\" src=\"http:\/\/svpfaffenhofen.de\/wp-content\/uploads\/2016\/10\/yoga-544970_960_720-300x212.jpg\" alt=\"\" width=\"300\" height=\"212\" \/><\/a>Ein Bewegungsangebot f\u00fcr Erwachsene, die gerne etwas f\u00fcr ihre Gesundheit und ihr Wohlbefinden tun m\u00f6chten, jedoch momentan nicht mehr an der klassischen Bodengymnastik teilnehmen k\u00f6nnen oder wollen.<\/p>\n<p>Funktionelle \u00dcbungen mit Elementen aus Yoga, Faszien-Fitness und Feldenkrais st\u00e4rken die Muskulatur, mobilisieren die Gelenke und stabilisieren den K\u00f6rper. Die Aufrichtung und Beweglichkeit der Wirbels\u00e4ule wird gef\u00f6rdert, Gleichgewichts- und Koordinationsf\u00e4higkeit trainiert. Die Schulung der K\u00f6rperwahrnehmung und verschiedene Entspannungsmethoden runden das Training ab. Dabei sind die einzelnen Bewegungssequenzen so konzipiert, dass sie jederzeit im Alltag und Beruf integriert werden k\u00f6nnen.<\/p>\n<p>Eine Anmeldung ist erforderlich, da die Teilnehmeranzahl begrenzt ist.<\/p>\n<p>Dauer des Kurses: 10 Stunden \u00e0 60 Minuten<br \/>Kursgeb\u00fchr: Mitglieder SV Pfaffenhofen 20 \u20ac, Nichtmitglieder 50 \u20ac<br \/>\u00dcbungszeit: Mittwoch,\u00a019 &#8211; 20 Uhr<br \/>\u00dcbungsleiterin: Gabriele Pfaff<\/p>\n<p>Mehrzweckhalle Pfaffenhofen<\/p>\n<p><a href=\"mailto:gabriele-pfaff@t-online.de\">gabriele-pfaff@t-online.de<\/a><\/p>\n<p><strong>Neuer Kurs: siehe Infos auf der Startseite &#8211; Anmeldung unter der oben genannten eMail Adresse.<br \/><\/strong><\/p>\n<\/div>","protected":false},"excerpt":{"rendered":"<p>Leider k\u00f6nnen im Moment keine Kurse angeboten werden. Sobald sich etwas \u00e4ndert, erfahrt Ihr es hier!<\/p>\n","protected":false},"author":1,"featured_media":719,"parent":68,"menu_order":2,"comment_status":"closed","ping_status":"closed","template":"","meta":{"footnotes":""},"_links":{"self":[{"href":"https:\/\/www.svpfaffenhofen.de\/index.php?rest_route=\/wp\/v2\/pages\/208"}],"collection":[{"href":"https:\/\/www.svpfaffenhofen.de\/index.php?rest_route=\/wp\/v2\/pages"}],"about":[{"href":"https:\/\/www.svpfaffenhofen.de\/index.php?rest_route=\/wp\/v2\/types\/page"}],"author":[{"embeddable":true,"href":"https:\/\/www.svpfaffenhofen.de\/index.php?rest_route=\/wp\/v2\/users\/1"}],"replies":[{"embeddable":true,"href":"https:\/\/www.svpfaffenhofen.de\/index.php?rest_route=%2Fwp%2Fv2%2Fcomments&post=208"}],"version-history":[{"count":19,"href":"https:\/\/www.svpfaffenhofen.de\/index.php?rest_route=\/wp\/v2\/pages\/208\/revisions"}],"predecessor-version":[{"id":3059,"href":"https:\/\/www.svpfaffenhofen.de\/index.php?rest_route=\/wp\/v2\/pages\/208\/revisions\/3059"}],"up":[{"embeddable":true,"href":"https:\/\/www.svpfaffenhofen.de\/index.php?rest_route=\/wp\/v2\/pages\/68"}],"wp:featuredmedia":[{"embeddable":true,"href":"https:\/\/www.svpfaffenhofen.de\/index.php?rest_route=\/wp\/v2\/media\/719"}],"wp:attachment":[{"href":"https:\/\/www.svpfaffenhofen.de\/index.php?rest_route=%2Fwp%2Fv2%2Fmedia&parent=208"}],"curies":[{"name":"wp","href":"https:\/\/api.w.org\/{rel}","templated":true}]}}

<p><strong>Leider können im Moment keine Kurse angeboten werden. </strong></p>



<p><strong>Sobald sich etwas ändert, erfahrt Ihr es hier!</strong></p>


<div class="entry-content clearfix">
<p><strong><!--more-->Sanftes Ganzkörpertraining auf dem Stuhl<br /></strong></p>
<p><a href="http://svpfaffenhofen.de/wp-content/uploads/2016/10/yoga-544970_960_720.jpg"><img loading="lazy" decoding="async" class="size-medium wp-image-719 alignleft" src="http://svpfaffenhofen.de/wp-content/uploads/2016/10/yoga-544970_960_720-300x212.jpg" alt="" width="300" height="212" /></a>Ein Bewegungsangebot für Erwachsene, die gerne etwas für ihre Gesundheit und ihr Wohlbefinden tun möchten, jedoch momentan nicht mehr an der klassischen Bodengymnastik teilnehmen können oder wollen.</p>
<p>Funktionelle Übungen mit Elementen aus Yoga, Faszien-Fitness und Feldenkrais stärken die Muskulatur, mobilisieren die Gelenke und stabilisieren den Körper. Die Aufrichtung und Beweglichkeit der Wirbelsäule wird gefördert, Gleichgewichts- und Koordinationsfähigkeit trainiert. Die Schulung der Körperwahrnehmung und verschiedene Entspannungsmethoden runden das Training ab. Dabei sind die einzelnen Bewegungssequenzen so konzipiert, dass sie jederzeit im Alltag und Beruf integriert werden können.</p>
<p>Eine Anmeldung ist erforderlich, da die Teilnehmeranzahl begrenzt ist.</p>
<p>Dauer des Kurses: 10 Stunden à 60 Minuten<br />Kursgebühr: Mitglieder SV Pfaffenhofen 20 €, Nichtmitglieder 50 €<br />Übungszeit: Mittwoch, 19 &#8211; 20 Uhr<br />Übungsleiterin: Gabriele Pfaff</p>
<p>Mehrzweckhalle Pfaffenhofen</p>
<p><a href="mailto:gabriele-pfaff@t-online.de">gabriele-pfaff@t-online.de</a></p>
<p><strong>Neuer Kurs: siehe Infos auf der Startseite &#8211; Anmeldung unter der oben genannten eMail Adresse.<br /></strong></p>
</div>

<p>Leider können im Moment keine Kurse angeboten werden. Sobald sich etwas ändert, erfahrt Ihr es hier!</p>
