{"id":31,"date":"2016-04-14T10:51:19","date_gmt":"2016-04-14T08:51:19","guid":{"rendered":"http:\/\/svpfaffenhofen.de\/?page_id=31"},"modified":"2026-04-12T16:10:37","modified_gmt":"2026-04-12T14:10:37","slug":"mitgliedschaft","status":"publish","type":"page","link":"https:\/\/www.svpfaffenhofen.de\/?page_id=31","title":{"rendered":"Mitgliedschaft"},"content":{"rendered":"<div class=\"entry-content clearfix\">\n<p><strong>Unterst\u00fctze den SV Pfaffenhofen e.V. mit deiner Mitgliedschaft:<\/strong><\/p>\n<ul>\n<li><strong><a href=\"https:\/\/www.svpfaffenhofen.de\/wp-content\/uploads\/2020\/10\/Beitrittserkl\u00e4rung_2020.pdf\">Beitrittserkl\u00e4rung (Mitgliedsantrag)<\/a><\/strong><\/li>\n<li><strong><a href=\"https:\/\/www.svpfaffenhofen.de\/wp-content\/uploads\/2020\/08\/Erm\u00e4\u00dfigter-Beitrag-2020.pdf\">Antrag: Erm\u00e4\u00dfigter Beitrag<\/a> <\/strong><\/li>\n<li><\/li>\n<li><strong><a href=\"https:\/\/www.svpfaffenhofen.de\/wp-content\/uploads\/2020\/08\/Familie-2020.pdf\">Antrag: Familienbeitrag<\/a> <\/strong><\/li>\n<li><strong><a href=\"https:\/\/www.svpfaffenhofen.de\/wp-content\/uploads\/2020\/08\/Konto\u00e4nderung-2020.pdf\">Formular: Neue Kontodaten<\/a><\/strong><\/li>\n<\/ul>\n<p><strong>Die Mitgliedsbeitr\u00e4ge, g\u00fcltig ab 01.01.2019:<\/strong><\/p>\n<\/div>\n<table width=\"647\">\n<tbody>\n<tr>\n<td width=\"319\"><strong>Mitgliedsart<\/strong><\/td>\n<td width=\"123\"><strong>Beitrag pro<br \/>\n<\/strong><strong>Monat<\/strong><\/td>\n<td width=\"205\"><strong>Gesamtbeitrag pro Jahr<\/strong><\/td>\n<\/tr>\n<tr>\n<td width=\"319\"><\/td>\n<td width=\"123\"><\/td>\n<td width=\"205\"><\/td>\n<\/tr>\n<tr>\n<td width=\"319\"><strong>Kind<\/strong>\u00a00 bis 4 Jahre<\/td>\n<td width=\"123\">3,00 \u20ac<\/td>\n<td width=\"205\">36 \u20ac<\/td>\n<\/tr>\n<tr>\n<td width=\"319\"><strong>Kind\/Jugendliche\/r<\/strong>\u00a05 bis 17 Jahre<\/td>\n<td width=\"123\">4,00 \u20ac<\/td>\n<td width=\"205\">48 \u20ac<\/td>\n<\/tr>\n<tr>\n<td width=\"319\"><strong>Vollmitglied<\/strong>\u00a018 bis 64 Jahre<\/td>\n<td width=\"123\">8,00 \u20ac<\/td>\n<td width=\"205\">96 \u20ac<\/td>\n<\/tr>\n<tr>\n<td width=\"319\"><strong>Rentner\/in<\/strong> ab 65 Jahre<\/td>\n<td width=\"123\">4,00 \u20ac<\/td>\n<td width=\"205\">48 \u20ac<\/td>\n<\/tr>\n<tr>\n<td width=\"319\"><strong><em>auf Antrag:<br \/>\n<\/em><\/strong>Ehepartner\/in eines Vollmitglieds als Anschlussmitglied<\/td>\n<td width=\"123\">4,00 \u20ac<\/td>\n<td width=\"205\">48 \u20ac<\/td>\n<\/tr>\n<tr>\n<td width=\"319\"><strong><em>auf Antrag:<\/em><\/strong> Sch\u00fcler\/Studierende\/Azubis 18 &#8211; 26 Jahre \u00a0*<\/td>\n<td width=\"123\">4,00 \u20ac<\/td>\n<td width=\"205\">48 \u20ac<\/td>\n<\/tr>\n<tr>\n<td width=\"319\"><strong><em>auf Antrag:<\/em><\/strong> Familienmitgliedschaft **<\/td>\n<td width=\"123\">17,50 \u20ac<\/td>\n<td width=\"205\">210 \u20ac<\/td>\n<\/tr>\n<\/tbody>\n<\/table>\n<p><em>* Antrag muss j\u00e4hrlich jeweils bis sp\u00e4testens 2. Januar unaufgefordert gestellt werden.<\/em><br \/>\n<em> ** 1 Vollmitglied, 1 Anschlussmitglied und alle Kinder der Familie bis 17 Jahre oder \u00a0&#8222;in Ausbildung&#8220; von 18-26 Jahren.<\/em><\/p>\n<p><strong>K\u00fcndigungen m\u00fcssen bis 30.11. des jeweiligen Jahres schriftlich\/per\u00a0Mail\u00a0beim Vereinsvorstand eingereicht werden und sind grunds\u00e4tzlich nur zum Jahresende m\u00f6glich. Es ist darauf zu achten, die Mitgliedsnummer und eine g\u00fcltige E-Mail-Adresse anzugeben.<\/strong><\/p>\n<p><strong><em>Bei Fragen zum Thema Mitgliedschaft gibt die 1. Vorsitzende Tanja Gerner Auskunft p<\/em><\/strong><strong><em>er\u00a0Mail: <a href=\"mailto:mitgliedschaft@svpfaffenhofen.de\">mitgliedschaft@svpfaffenhofen.de<\/a>.<\/em><\/strong><\/p>\n","protected":false},"excerpt":{"rendered":"<p>Unterst\u00fctze den SV Pfaffenhofen e.V. mit deiner Mitgliedschaft: Beitrittserkl\u00e4rung (Mitgliedsantrag) Antrag: Erm\u00e4\u00dfigter Beitrag Antrag: Familienbeitrag Formular: Neue Kontodaten Die Mitgliedsbeitr\u00e4ge, g\u00fcltig ab 01.01.2019: Mitgliedsart Beitrag pro Monat Gesamtbeitrag pro Jahr Kind\u00a00 bis 4 Jahre 3,00 \u20ac 36 \u20ac Kind\/Jugendliche\/r\u00a05 bis&hellip; <\/p>\n","protected":false},"author":1,"featured_media":0,"parent":27,"menu_order":0,"comment_status":"closed","ping_status":"closed","template":"","meta":{"footnotes":""},"_links":{"self":[{"href":"https:\/\/www.svpfaffenhofen.de\/index.php?rest_route=\/wp\/v2\/pages\/31"}],"collection":[{"href":"https:\/\/www.svpfaffenhofen.de\/index.php?rest_route=\/wp\/v2\/pages"}],"about":[{"href":"https:\/\/www.svpfaffenhofen.de\/index.php?rest_route=\/wp\/v2\/types\/page"}],"author":[{"embeddable":true,"href":"https:\/\/www.svpfaffenhofen.de\/index.php?rest_route=\/wp\/v2\/users\/1"}],"replies":[{"embeddable":true,"href":"https:\/\/www.svpfaffenhofen.de\/index.php?rest_route=%2Fwp%2Fv2%2Fcomments&post=31"}],"version-history":[{"count":38,"href":"https:\/\/www.svpfaffenhofen.de\/index.php?rest_route=\/wp\/v2\/pages\/31\/revisions"}],"predecessor-version":[{"id":3260,"href":"https:\/\/www.svpfaffenhofen.de\/index.php?rest_route=\/wp\/v2\/pages\/31\/revisions\/3260"}],"up":[{"embeddable":true,"href":"https:\/\/www.svpfaffenhofen.de\/index.php?rest_route=\/wp\/v2\/pages\/27"}],"wp:attachment":[{"href":"https:\/\/www.svpfaffenhofen.de\/index.php?rest_route=%2Fwp%2Fv2%2Fmedia&parent=31"}],"curies":[{"name":"wp","href":"https:\/\/api.w.org\/{rel}","templated":true}]}}