{"id":46,"date":"2016-04-14T11:06:34","date_gmt":"2016-04-14T09:06:34","guid":{"rendered":"http:\/\/svpfaffenhofen.de\/?page_id=46"},"modified":"2022-01-25T10:52:38","modified_gmt":"2022-01-25T09:52:38","slug":"fit-for-fun","status":"publish","type":"page","link":"https:\/\/www.svpfaffenhofen.de\/?page_id=46","title":{"rendered":"Fit for Fun"},"content":{"rendered":"<p><img loading=\"lazy\" decoding=\"async\" class=\"wp-image-409 alignleft\" src=\"http:\/\/svpfaffenhofen.de\/wp-content\/uploads\/2016\/04\/FitForFUn.jpg\" alt=\"FitForFUn\" width=\"379\" height=\"213\" srcset=\"https:\/\/www.svpfaffenhofen.de\/wp-content\/uploads\/2016\/04\/FitForFUn.jpg 1130w, https:\/\/www.svpfaffenhofen.de\/wp-content\/uploads\/2016\/04\/FitForFUn-300x169.jpg 300w, https:\/\/www.svpfaffenhofen.de\/wp-content\/uploads\/2016\/04\/FitForFUn-768x432.jpg 768w, https:\/\/www.svpfaffenhofen.de\/wp-content\/uploads\/2016\/04\/FitForFUn-1024x575.jpg 1024w\" sizes=\"(max-width: 379px) 100vw, 379px\" \/><\/p>\n<p>Die gemischte Fitnessgruppe wird regelm\u00e4\u00dfig von 25 M\u00e4nnern und Frauen gut besucht.<\/p>\n<p>Angeboten wird ein abwechslungsreiches Herz-Kreislauf-Training sowie die Kr\u00e4ftigung der Muskulatur mit und ohne Ger\u00e4te.<br \/>\nDehnungs\u00fcbungen und Spiele runden das Programm ab.<br \/>\nUnterm Jahr finden auch geplante Wanderungen oder im Winter Skiwochenenden statt, welche in der Abteilung mitgeteilt werden.<\/p>\n<table>\n<tbody>\n<tr>\n<td>\u00a0\u00dcbungszeit<\/td>\n<td>Montag 20:00 \u2013 21:00 Uhr<br \/>\nMehrzweckhalle Pfaffenhofen<\/p>\n<p>Stand Jan. 2022 &#8211; Neue Zeit 19:00 &#8211; 20:00 Uhr<\/td>\n<\/tr>\n<tr>\n<td>\u00a0\u00dcbungsleiter<\/td>\n<td>Renate Zwingel<br \/>\nTel. 09171 61527<\/td>\n<\/tr>\n<tr>\n<td><\/td>\n<td>Marianne Petermann<br \/>\nTel. 09171 60496<\/td>\n<\/tr>\n<\/tbody>\n<\/table>\n","protected":false},"excerpt":{"rendered":"<p>Die gemischte Fitnessgruppe wird regelm\u00e4\u00dfig von 25 M\u00e4nnern und Frauen gut besucht. Angeboten wird ein abwechslungsreiches Herz-Kreislauf-Training sowie die Kr\u00e4ftigung der Muskulatur mit und ohne Ger\u00e4te. Dehnungs\u00fcbungen und Spiele runden das Programm ab. Unterm Jahr finden auch geplante Wanderungen oder&hellip; <\/p>\n","protected":false},"author":1,"featured_media":0,"parent":68,"menu_order":0,"comment_status":"closed","ping_status":"closed","template":"","meta":{"footnotes":""},"_links":{"self":[{"href":"https:\/\/www.svpfaffenhofen.de\/index.php?rest_route=\/wp\/v2\/pages\/46"}],"collection":[{"href":"https:\/\/www.svpfaffenhofen.de\/index.php?rest_route=\/wp\/v2\/pages"}],"about":[{"href":"https:\/\/www.svpfaffenhofen.de\/index.php?rest_route=\/wp\/v2\/types\/page"}],"author":[{"embeddable":true,"href":"https:\/\/www.svpfaffenhofen.de\/index.php?rest_route=\/wp\/v2\/users\/1"}],"replies":[{"embeddable":true,"href":"https:\/\/www.svpfaffenhofen.de\/index.php?rest_route=%2Fwp%2Fv2%2Fcomments&post=46"}],"version-history":[{"count":5,"href":"https:\/\/www.svpfaffenhofen.de\/index.php?rest_route=\/wp\/v2\/pages\/46\/revisions"}],"predecessor-version":[{"id":2585,"href":"https:\/\/www.svpfaffenhofen.de\/index.php?rest_route=\/wp\/v2\/pages\/46\/revisions\/2585"}],"up":[{"embeddable":true,"href":"https:\/\/www.svpfaffenhofen.de\/index.php?rest_route=\/wp\/v2\/pages\/68"}],"wp:attachment":[{"href":"https:\/\/www.svpfaffenhofen.de\/index.php?rest_route=%2Fwp%2Fv2%2Fmedia&parent=46"}],"curies":[{"name":"wp","href":"https:\/\/api.w.org\/{rel}","templated":true}]}}