{"id":58,"date":"2016-04-14T11:09:45","date_gmt":"2016-04-14T09:09:45","guid":{"rendered":"http:\/\/svpfaffenhofen.de\/?page_id=58"},"modified":"2024-10-03T16:28:30","modified_gmt":"2024-10-03T14:28:30","slug":"1-4-klasse","status":"publish","type":"page","link":"https:\/\/www.svpfaffenhofen.de\/?page_id=58","title":{"rendered":"2. &#8211; 5. Klasse"},"content":{"rendered":"<p><img loading=\"lazy\" decoding=\"async\" class=\" wp-image-415 alignleft\" src=\"http:\/\/svpfaffenhofen.de\/wp-content\/uploads\/2016\/04\/Turnen.jpg\" alt=\"Turnen\" width=\"289\" height=\"205\" \/>Wie schon in der j\u00fcngeren Gruppe wird auch hier u.a. Beweglichkeit, Muskelaufbau und Koordination trainiert, wobei sich in dieser Altersklasse die \u00dcbungen schon etwas anspruchsvoller gestalten.<\/p>\n<p>Es gibt viele verschiedene M\u00f6glichkeiten die Kinder f\u00fcr den Spa\u00df am Sport zu begeistern und ihnen aufzuzeigen wie wichtig in der heutigen Zeit der sportliche Ausgleich ist.<\/p>\n<p>Auch hier werden u.a. Bewegungsbaustellen aufgebaut, um mit den Kindern verschiedene Muskeln oder F\u00e4higkeiten zu trainieren.<\/p>\n<table>\n<tbody>\n<tr>\n<td>\u00dcbungszeit<\/td>\n<td>Montag 17:00 &#8211; 18:00 Uhr<br \/>\nMehrzweckhalle Pfaffenhofen<\/td>\n<\/tr>\n<tr>\n<td>\u00dcbungsleiterin<\/td>\n<td>Larissa Zwingel<br \/>\nTel. 0174 9303818<br \/>\nMail: <a href=\"mailto:gymnastik@svpfaffenhofen.de\">gymnastik@svpfaffenhofen.de<\/a><\/td>\n<\/tr>\n<\/tbody>\n<\/table>\n","protected":false},"excerpt":{"rendered":"<p>Wie schon in der j\u00fcngeren Gruppe wird auch hier u.a. Beweglichkeit, Muskelaufbau und Koordination trainiert, wobei sich in dieser Altersklasse die \u00dcbungen schon etwas anspruchsvoller gestalten. Es gibt viele verschiedene M\u00f6glichkeiten die Kinder f\u00fcr den Spa\u00df am Sport zu begeistern&hellip; <\/p>\n","protected":false},"author":1,"featured_media":0,"parent":52,"menu_order":0,"comment_status":"closed","ping_status":"closed","template":"","meta":{"footnotes":""},"_links":{"self":[{"href":"https:\/\/www.svpfaffenhofen.de\/index.php?rest_route=\/wp\/v2\/pages\/58"}],"collection":[{"href":"https:\/\/www.svpfaffenhofen.de\/index.php?rest_route=\/wp\/v2\/pages"}],"about":[{"href":"https:\/\/www.svpfaffenhofen.de\/index.php?rest_route=\/wp\/v2\/types\/page"}],"author":[{"embeddable":true,"href":"https:\/\/www.svpfaffenhofen.de\/index.php?rest_route=\/wp\/v2\/users\/1"}],"replies":[{"embeddable":true,"href":"https:\/\/www.svpfaffenhofen.de\/index.php?rest_route=%2Fwp%2Fv2%2Fcomments&post=58"}],"version-history":[{"count":6,"href":"https:\/\/www.svpfaffenhofen.de\/index.php?rest_route=\/wp\/v2\/pages\/58\/revisions"}],"predecessor-version":[{"id":3019,"href":"https:\/\/www.svpfaffenhofen.de\/index.php?rest_route=\/wp\/v2\/pages\/58\/revisions\/3019"}],"up":[{"embeddable":true,"href":"https:\/\/www.svpfaffenhofen.de\/index.php?rest_route=\/wp\/v2\/pages\/52"}],"wp:attachment":[{"href":"https:\/\/www.svpfaffenhofen.de\/index.php?rest_route=%2Fwp%2Fv2%2Fmedia&parent=58"}],"curies":[{"name":"wp","href":"https:\/\/api.w.org\/{rel}","templated":true}]}}