{"id":60,"date":"2016-04-14T11:10:20","date_gmt":"2016-04-14T09:10:20","guid":{"rendered":"http:\/\/svpfaffenhofen.de\/?page_id=60"},"modified":"2025-01-20T12:22:53","modified_gmt":"2025-01-20T11:22:53","slug":"alles-in-balance","status":"publish","type":"page","link":"https:\/\/www.svpfaffenhofen.de\/?page_id=60","title":{"rendered":"Alles in Balance"},"content":{"rendered":"<header class=\"entry-header\">\n<h2 class=\"entry-title\"><img loading=\"lazy\" decoding=\"async\" class=\"wp-image-140 alignleft\" src=\"http:\/\/svpfaffenhofen.de\/wp-content\/uploads\/2016\/04\/work-life-balance-300x168.jpg\" alt=\"work-life-balance\" width=\"319\" height=\"179\" srcset=\"https:\/\/www.svpfaffenhofen.de\/wp-content\/uploads\/2016\/04\/work-life-balance-300x168.jpg 300w, https:\/\/www.svpfaffenhofen.de\/wp-content\/uploads\/2016\/04\/work-life-balance.jpg 580w\" sizes=\"(max-width: 319px) 100vw, 319px\" \/><\/h2>\n<p>Der Kurs ist ein Bewegungsangebot f\u00fcr Frauen und M\u00e4nner. Das Alter der Teilnehmer\/innen liegt zwischen 21 und 55 Jahren.<\/p>\n<p style=\"text-align: left;\">Ziel dieses Trainings ist es, K\u00f6rpergef\u00fchl und Balance zu erlangen, Blockaden in der Bewegung zu entdecken und zu l\u00f6sen sowie g\u00fcnstige Bewegungsmuster zu erkennen und zu optimieren.<\/p>\n<p style=\"text-align: left;\">Die \u00dcbungen und Bewegungsabl\u00e4ufe enthalten Elemente aus der Wirbels\u00e4ulengymnastik, R\u00fcckenyoga, Feldenkrais und der Faszien-Fitness.<\/p>\n<p style=\"text-align: left;\">Verschiedene Entspannungsmethoden bilden den Abschluss jeder\u00a0\u00a0\u00a0\u00a0\u00a0\u00a0 \u00dcbungseinheit. Die gesamte Muskulatur wird gest\u00e4rkt und die Beweglichkeit gef\u00f6rdert.<\/p>\n<\/header>\n<div class=\"entry-content clearfix\">\n<table>\n<tbody>\n<tr>\n<td>\u00dcbungszeit<\/td>\n<td>Mittwoch 19:30 &#8211; 20:30 Uhr<\/p>\n<p>Mehrzweckhalle Pfaffenhofen<\/td>\n<\/tr>\n<tr>\n<td>\u00dcbungsleiterin<\/td>\n<td>i. V. seit Sept. 2024<br \/>\n<strong>Tanja Gerner<\/strong><br \/>\n(Tel.: 0151\/ 19 66 88 18)<br \/>\n<strong>J\u00fcrgen Klieber<\/strong><br \/>\n(Tel.: 0151\/ 56 00 92 86)(bisher Gabriele Pfaff<br \/>\nTel. 09171 899415)<\/td>\n<\/tr>\n<\/tbody>\n<\/table>\n<\/div>\n","protected":false},"excerpt":{"rendered":"<p>Der Kurs ist ein Bewegungsangebot f\u00fcr Frauen und M\u00e4nner. Das Alter der Teilnehmer\/innen liegt zwischen 21 und 55 Jahren. Ziel dieses Trainings ist es, K\u00f6rpergef\u00fchl und Balance zu erlangen, Blockaden in der Bewegung zu entdecken und zu l\u00f6sen sowie g\u00fcnstige&hellip; <\/p>\n","protected":false},"author":1,"featured_media":0,"parent":68,"menu_order":0,"comment_status":"closed","ping_status":"closed","template":"","meta":{"footnotes":""},"_links":{"self":[{"href":"https:\/\/www.svpfaffenhofen.de\/index.php?rest_route=\/wp\/v2\/pages\/60"}],"collection":[{"href":"https:\/\/www.svpfaffenhofen.de\/index.php?rest_route=\/wp\/v2\/pages"}],"about":[{"href":"https:\/\/www.svpfaffenhofen.de\/index.php?rest_route=\/wp\/v2\/types\/page"}],"author":[{"embeddable":true,"href":"https:\/\/www.svpfaffenhofen.de\/index.php?rest_route=\/wp\/v2\/users\/1"}],"replies":[{"embeddable":true,"href":"https:\/\/www.svpfaffenhofen.de\/index.php?rest_route=%2Fwp%2Fv2%2Fcomments&post=60"}],"version-history":[{"count":10,"href":"https:\/\/www.svpfaffenhofen.de\/index.php?rest_route=\/wp\/v2\/pages\/60\/revisions"}],"predecessor-version":[{"id":3054,"href":"https:\/\/www.svpfaffenhofen.de\/index.php?rest_route=\/wp\/v2\/pages\/60\/revisions\/3054"}],"up":[{"embeddable":true,"href":"https:\/\/www.svpfaffenhofen.de\/index.php?rest_route=\/wp\/v2\/pages\/68"}],"wp:attachment":[{"href":"https:\/\/www.svpfaffenhofen.de\/index.php?rest_route=%2Fwp%2Fv2%2Fmedia&parent=60"}],"curies":[{"name":"wp","href":"https:\/\/api.w.org\/{rel}","templated":true}]}}

<header class="entry-header">
<h2 class="entry-title"><img loading="lazy" decoding="async" class="wp-image-140 alignleft" src="http://svpfaffenhofen.de/wp-content/uploads/2016/04/work-life-balance-300x168.jpg" alt="work-life-balance" width="319" height="179" srcset="https://www.svpfaffenhofen.de/wp-content/uploads/2016/04/work-life-balance-300x168.jpg 300w, https://www.svpfaffenhofen.de/wp-content/uploads/2016/04/work-life-balance.jpg 580w" sizes="(max-width: 319px) 100vw, 319px" /></h2>
<p>Der Kurs ist ein Bewegungsangebot für Frauen und Männer. Das Alter der Teilnehmer/innen liegt zwischen 21 und 55 Jahren.</p>
<p style="text-align: left;">Ziel dieses Trainings ist es, Körpergefühl und Balance zu erlangen, Blockaden in der Bewegung zu entdecken und zu lösen sowie günstige Bewegungsmuster zu erkennen und zu optimieren.</p>
<p style="text-align: left;">Die Übungen und Bewegungsabläufe enthalten Elemente aus der Wirbelsäulengymnastik, Rückenyoga, Feldenkrais und der Faszien-Fitness.</p>
<p style="text-align: left;">Verschiedene Entspannungsmethoden bilden den Abschluss jeder       Übungseinheit. Die gesamte Muskulatur wird gestärkt und die Beweglichkeit gefördert.</p>
</header>
<div class="entry-content clearfix">
<table>
<tbody>
<tr>
<td>Übungszeit</td>
<td>Mittwoch 19:30 &#8211; 20:30 Uhr</p>
<p>Mehrzweckhalle Pfaffenhofen</td>
</tr>
<tr>
<td>Übungsleiterin</td>
<td>i. V. seit Sept. 2024<br />
<strong>Tanja Gerner</strong><br />
(Tel.: 0151/ 19 66 88 18)<br />
<strong>Jürgen Klieber</strong><br />
(Tel.: 0151/ 56 00 92 86)(bisher Gabriele Pfaff<br />
Tel. 09171 899415)</td>
</tr>
</tbody>
</table>
</div>

<p>Der Kurs ist ein Bewegungsangebot für Frauen und Männer. Das Alter der Teilnehmer/innen liegt zwischen 21 und 55 Jahren. Ziel dieses Trainings ist es, Körpergefühl und Balance zu erlangen, Blockaden in der Bewegung zu entdecken und zu lösen sowie günstige&hellip; </p>
